(6/(b + 2542)). Let o = -977 + i. Is o composite?
False
Let z = 171673 + -51720. Is z prime?
True
Let l be ((0/3)/(-2))/(-10 - -9). Suppose l = -3*z + h + 3635, 0*z - 3*z + 5*h + 3619 = 0. Is z prime?
True
Is -4*(5195505/(-84) + 6) composite?
False
Is (6/(-4))/(-9*3/4180662) a prime number?
True
Is (-464)/(-174) + 1699145/15 composite?
False
Suppose 3*r - 104395 = 5*a - 6*a, -3*r = -4*a - 104405. Let s = 61258 - r. Is s composite?
False
Let v = -40002 + 71249. Is v a composite number?
False
Is (-230770)/(-12) - (-159)/954 prime?
True
Suppose 143134 = 955*d - 909*d - 3045540. Is d a composite number?
True
Let y = -802773 - -1905276. Is y a prime number?
False
Let v be (-54645)/(-2)*(10 + -8)*-1. Is ((-16)/(-40))/((-6)/v) a prime number?
True
Let k = -220 + 222. Suppose 0 = -x + u + 903, -4*x + 3576 = k*u + 3*u. Is x composite?
True
Is (-6)/123 + 662608982/574 a composite number?
True
Suppose 0*h - 5*z + 923 = h, -4569 = -5*h - 2*z. Suppose n + p = -0*n + h, 5*n - 2*p - 4565 = 0. Is n prime?
False
Let m(x) = -8978*x - 397. Is m(-12) a composite number?
False
Let h(u) = u**3 + u**2 - 29*u - 10. Let m be h(-5). Suppose -m*x + 36*x - 317 = 0. Is x a composite number?
False
Let t = 155173 + -101682. Is t a composite number?
True
Suppose 4*n = -2*m + 14, 2*n - 1 = 3*m - 2*m. Suppose -m*f = -5*s + 7523, s + 5*f = -0*s + 1527. Is s prime?
False
Let n(r) = 49*r**3 + 9*r**2 + 17*r + 8. Let m be n(11). Suppose -m = -9*w - 110. Is w composite?
True
Suppose 0 = -4*a - 39*l + 34*l + 13461, -5*a + 16785 = -2*l. Is a composite?
False
Suppose 48 = 4*t + 3*i, 4*t + 2*i = 55 - 7. Is ((-19)/57 + (-38)/t)*-274 prime?
False
Let b(a) = -a**2 + 8*a + 19. Let t be b(10). Let r be -423 - t/(4/(-16)*-2). Let i = 674 + r. Is i a prime number?
False
Let s(q) = -70813*q + 662. Is s(-5) a composite number?
False
Let f = -1367168 - -2970877. Is f prime?
True
Let t = -36 + 1818. Let i be -3 + 1 + t/2. Suppose -10*s + i = -9*s. Is s a composite number?
True
Let f(u) = -10*u**2 - 8*u + 8. Let j be f(5). Let v = -142 - j. Let s = v - -63. Is s a prime number?
False
Let o = 39940 - 39413. Is o prime?
False
Let x = 410 - 771. Let y = x - -467. Is y composite?
True
Suppose 4*r - p = 320159, 320162 = 4*r - 389*p + 387*p. Is r a prime number?
True
Let x(b) = -49*b**3 - 5*b**2 + 6*b + 24. Let d be x(6). Let i = d + 16951. Is i composite?
False
Let x = -3885 + 10796. Let y = 11658 - x. Is ((-68)/(-24) - 3) + y/6 prime?
False
Suppose -78*a + 80*a = 4*b + 70830, -5*b - 141666 = -4*a. Is a composite?
False
Let b(y) = 2*y**3 - 4*y**2 - 29*y + 57. Let g be b(7). Let p = -159 + g. Is p a prime number?
False
Let c(s) = -s**3 + 23*s**2 + 27*s - 6. Let a be c(-21). Let o = a + -9160. Is o prime?
False
Suppose 0 = -203*g + 193*g + 10. Is g*(-4)/6*(-159675)/50 prime?
True
Let n = 518 - 465. Suppose n*q = 27*q + 187954. Is q composite?
False
Let g = 191 - 189. Suppose 13541 = g*w - 6045. Is w a composite number?
True
Let q(z) be the first derivative of -z**3/3 + 3*z**2/2 + 12785*z + 135. Is q(0) a prime number?
False
Let v(i) = i**2 - 14*i + 51. Let a be v(6). Let m = a - 3. Suppose 3*b + 2*o - 599 = 0, m = b - o - 0*o - 203. Is b composite?
True
Let c = -39 - -38. Let q(t) = -8346*t**3 - t**2 + t + 1. Is q(c) a composite number?
True
Let c be 31645/6 + (-145)/(-174). Suppose 0 = 5*u - 3*h - c - 295, -h + 5 = 0. Is u prime?
True
Is 8/30 + (-3753624)/(-360) composite?
False
Let a(g) = -2*g**3 + 8*g - 6. Let q be a(5). Let s be (-1 - 0)*q/(-18). Is -46*3/s*46 a prime number?
False
Suppose -4*w + 5*o - 668678 = -2495852, 3*w = -o + 1370371. Is w a prime number?
True
Suppose 32*j + 0*j - 11796971 = -9*j. Is j composite?
False
Let w = 2950 + -912. Let l = -107 + w. Is l prime?
True
Suppose -2*h - 6 = -3*i, -5*h + 22 = -3*h + 4*i. Suppose -h*y + 110070 = 27987. Is y prime?
True
Let p(h) = -18*h - 284. Suppose -6*l = -l + 3*r + 170, -4*l = -5*r + 99. Is p(l) composite?
True
Suppose -5*b - o = 47549, -38043 = 4*b + 3*o - 6*o. Let x = b + 19799. Is x a prime number?
True
Suppose -12 = 5*j - 22. Suppose 4*r - k = 11628, 2*k + 8734 = 3*r - j*k. Is r prime?
False
Let q = 2931 + -161. Let v = q - 1619. Is v composite?
False
Suppose -4*a = -2*a - 10. Suppose 1848 = -a*f + 5623. Is f composite?
True
Let p = 22 + -17. Suppose -3*c - p = -4*c. Suppose -c*k = b - 388, 0 = -3*b - b + 3*k + 1575. Is b a composite number?
True
Let f = 370575 - 167786. Is f a prime number?
False
Suppose 0 = 10*y - 0 - 0. Suppose -k + v + 3*v + 289 = y, 0 = 3*k + 5*v - 884. Is k prime?
True
Is (-708438)/(-14) + (-18)/(-63) prime?
False
Let m be 1/(3/(-12)) + 3311. Let v = 4653 - m. Let c = v + -759. Is c a composite number?
False
Let h = 115173 + -68708. Is h a prime number?
False
Suppose 0 = 2*t + 834 + 7344. Let h = t + 1124. Is (1 + h + 2)*4/(-8) a composite number?
False
Let l(z) = z**2 + 18*z + 60. Let f be l(-14). Suppose -f*a = -3*i - 1162, 3*a - 192 = 5*i + 685. Is a a prime number?
False
Let a be 34/((-20)/5 + 6). Let r(k) = 28 - 9 + 53*k - a*k. Is r(11) a prime number?
False
Let c be (-1)/((-1)/(-42)*-2). Suppose -23*v + 10 = -c*v. Suppose -276 = v*j - 5221. Is j a prime number?
False
Let r = 53 - 51. Let o(b) = 2*b**2 + 203 - 4*b**r + 10*b - 6*b**3 - 186. Is o(-4) a prime number?
False
Let v = -125 + 132. Let s(c) = 2*c**3 - 2*c**2 + 7*c + 12. Is s(v) a prime number?
False
Is ((-1)/(4/12) + 790)/((-22)/(-374)) a prime number?
False
Let c(p) = -6*p - 22*p - 28*p + p. Suppose 5*r + 3 = 4*k - 13, 0 = 2*k + r + 6. Is c(k) a composite number?
True
Let s(l) = -l**2 - 20*l + 3. Let q be s(-20). Suppose q*z - 4 = 4*p + 5, 0 = 4*z + 4*p - 12. Suppose -1172 = -z*c - 185. Is c a composite number?
True
Suppose 0 = -b + 4, 0 = -5*p + p - 5*b + 28576. Let m = p + 1652. Is m prime?
False
Let b = -258646 - -578613. Is b composite?
False
Let c(k) = -1908*k**3 + 17*k + 24. Is c(-5) a prime number?
True
Suppose 5*q - z - 105661 = 0, -2*q = -0*z - z - 42265. Let p be ((-14)/8)/((-9)/q). Suppose 0 = -13*l + 20*l - p. Is l prime?
True
Let q be (-51 - -45) + (-3)/(9/(-114)). Suppose -12*x + q*x - 315820 = 0. Is x a prime number?
True
Suppose w - 4*o = 4*w - 3, -4*o = -3*w + 27. Suppose z = 5*z + 4*b - 33952, -2*z = -w*b - 16997. Is z prime?
False
Suppose 3*m - 8240 + 1007 = p, -3*p - 4822 = -2*m. Is m prime?
True
Let u(r) = -495*r + 13. Let s be u(-20). Suppose -10*n + 17137 = -s. Is n a prime number?
False
Suppose 17*j - 461482 = 39049. Is j composite?
False
Let a(u) = u**3 - 9*u**2 - 11*u + 13. Let h be a(10). Let d = 372 - -65. Suppose 2*k + h*w = -2*w + 211, 4*k + 5*w = d. Is k a prime number?
True
Suppose 11*j - 6*j + 3*j = 0. Suppose a = -5*u + 198034, -8*u + 6*u - 5*a + 79209 = j. Is u prime?
True
Let o be (-16)/(-4) + (61586 - -2). Suppose o = 6*l - 97714. Is l composite?
True
Let r = 327713 + -131904. Is r a prime number?
True
Let b = 139028 - 80315. Is 2/3*b*10/20 a prime number?
True
Let j(u) = -3*u**3 + 7*u**2 - u + 17. Let p(a) = -4*a**3 + 7*a**2 - a + 17. Let q(m) = 3*j(m) - 2*p(m). Let i = 83 + -89. Is q(i) a prime number?
True
Suppose -4*t - 5*r = 1982 - 10076, 0 = 5*t + 5*r - 10115. Suppose s - t - 700 = 0. Is s a composite number?
True
Let j = 787256 - 458605. Is j prime?
True
Suppose -2*y - 5*d + 265 = -7*y, -3*d - 171 = 3*y. Let z = -58 - y. Let v(q) = 55*q**2 + 4*q + 4. Is v(z) a prime number?
True
Let g(x) = -x**3 + 5*x**2 - 13*x + 4. Let u(o) = -2*o**3 - 12*o**2 + 18*o + 13. Let b be u(-7). Is g(b) composite?
True
Is -6 + 2*(-13 - -81987) a prime number?
False
Suppose -4*u - 3698 = -0*u + 2*w, 3*w = -5*u - 4622. Let h = 378 + 918. Let b = u + h. Is b composite?
True
Let i = 61774 - 34875. Is i prime?
False
Let o = -16290 + 35581. Is o a composite number?
True
Let q(i) = 14724*i + 1133. Is q(4) a composite number?
False
Let w(v) be the first derivative of v**3/3 + 3*v**2/2 + 2*v + 4. Let s be w(-4). Suppose -s*j = -2699 - 691. Is j a composite number?
True
Let b(t) = -25*t + 150. Let a be b(6). Let c(w) = w - 4. Let u be c(6). Suppose -27 = -m - 7*z + 5*z, -z - u = a. Is m a composite number?
False
Suppose -5*z + 22 = -8. Is (4/z)/((-2)/(-10347)) a prime number?
True
Suppose -7*n + 34*n + 10 - 64 = 0. Suppose -9 - 3 = -4*a. Suppose -v = 4*z - 71, -109 = -n*v - 0*v + a*z. Is v prime?
True
Let m = -35 + 39. Suppose 2*a + 45 